{"id":4121,"date":"2013-03-18T17:02:48","date_gmt":"2013-03-18T15:02:48","guid":{"rendered":"http:\/\/www.rosa-luxemburg.com\/?page_id=4121"},"modified":"2013-05-07T01:53:51","modified_gmt":"2013-05-06T23:53:51","slug":"rli-jour-fixe","status":"publish","type":"page","link":"https:\/\/www.rosa-luxemburg.com\/test\/projekte\/rli-jour-fixe\/","title":{"rendered":"rli jour fixe"},"content":{"rendered":"<p>Die Rosa-Luxemburg-Initiative startet im Fr\u00fchjahr 2013 ein neues Veranstaltungsformat, den <strong>rli jour fixe<\/strong>.<\/p>\n<p>Ein <em>Jour fixe<\/em> (\u201efester Tag\u201c) ist ein fest vereinbarter, regelm\u00e4\u00dfig wiederkehrender Termin. Die Rosa-Luxemburg-Initiative m\u00f6chte mit dem <strong>rli jour fixe<\/strong> eine Abendveranstaltung mit Vortrag und Gespr\u00e4ch anbieten, die ein wenig anders funktioniert, als das bestehende Bildungsprogramm:<br \/>\nDer <strong>rli jour fixe<\/strong> stellt in loser Folge und mit einer klar begrenzten Anzahl von zehn Teilnehmenden einen Ort zur Verf\u00fcgung, der intensive Auseinandersetzung in einem \u00fcberschaubaren Kreis erm\u00f6glicht. Voraussetzungen zur Teilnahme bestehen keine, die ersten zehn Anmeldungen k\u00f6nnen teilnehmen. Dieser Rahmen soll zugleich eine vertrauensvolle Atmosph\u00e4re, einen niedrigschwelligen Zugang und eine anspruchsvolle Debatte bef\u00f6rdern.<\/p>\n<p>Vielleicht kann der <strong>rli jour fixe<\/strong> zu einem kleinen Labor werden, um neue Themen und Thesen auszuprobieren&#8230; Die Rosa-Luxemburg-Initiative m\u00f6chte jedenfalls auch einen Ort der Begegnung bieten: Hier k\u00f6nnen Interessierte quasi mit der Rosa-Luxemburg-Initiative und ihren Aktiven ins Gespr\u00e4ch kommen, ebenso wie mit interessanten G\u00e4sten. Gelegentlich werden verschiedene Akteure der Linken eingeladen, um aus ihrer politischen Arbeit zu berichten und um zu aktuellen Themen befragt zu werden. Im besten Fall kann der <strong>rli jour fixe<\/strong> einen Ort der stilvollen und konstruktiven Auseinandersetzung zwischen verschiedenen linken Spektren bieten.<\/p>\n<p>Rahmendaten zum <strong>rli jour fixe<\/strong>:<\/p>\n<ul>\n<li>Der <strong>rli jour fixe<\/strong> findet in loser Folge im <a href=\"https:\/\/www.rosa-luxemburg.com\/test\/kontakt\/\">Regionalb\u00fcro Bremen der Rosa-Luxemburg-Stiftung<\/a> statt.<\/li>\n<li>Fester Tag: <strong>Mittwochs, um 18:30 Uhr<\/strong>.<\/li>\n<li>Entsprechend dem Konzept hat der <strong>rli jour fixe<\/strong> eine Begrenzung f\u00fcr die Anzahl der Teilnehmenden: <strong>Zehn angemeldete TeilnehmerInnen<\/strong>, plus Gast bzw. ReferentIn und Moderation. Mehr Teilnehmende passen leider auch nicht in unseren Seminarraum.<\/li>\n<li><em>First come, first served:<\/em> Wir bitten um verbindliche <strong>Anmeldung<\/strong> per Mail an\u00a0<a href=\"mailto:jourfixe@rosa-luxemburg.com\">jourfixe@rosa-luxemburg.com<\/a> (oder \u00fcber unser <a href=\"https:\/\/www.rosa-luxemburg.com\/test\/kontakt\/\">B\u00fcro<\/a>), bis sp\u00e4testens um 13 Uhr am Tag der Veranstaltung. Wir versenden per Mail eine Anmeldebest\u00e4tigung, oder eine Absage, falls bereits alle Pl\u00e4tze belegt sind.<\/li>\n<li><strong>Kontakt und Nachfragen:<\/strong> Der <strong>rli jour fixe<\/strong> wird von <a href=\"https:\/\/www.rosa-luxemburg.com\/test\/initiative\/norbert-schepers\/\" target=\"_blank\">Norbert Schepers<\/a>, dem Leiter des Bremer B\u00fcros der Rosa-Luxemburg-Stiftung, betreut und moderiert.<\/li>\n<\/ul>\n<p><strong>Die Veranstaltungen des rli jour fixe<\/strong> finden sich <a href=\"https:\/\/www.rosa-luxemburg.com\/test\/category\/rli-jour-fixe\/\">auf der Website der Rosa-Luxemburg-Initiative in der gleichnamigen Kategorie<\/a>.<\/p>\n","protected":false},"excerpt":{"rendered":"<p>Die Rosa-Luxemburg-Initiative startet im Fr\u00fchjahr 2013 ein neues Veranstaltungsformat, den rli jour fixe. Ein Jour fixe (\u201efester Tag\u201c) ist ein fest vereinbarter, regelm\u00e4\u00dfig wiederkehrender Termin. Die Rosa-Luxemburg-Initiative m\u00f6chte mit dem [&hellip;]<\/p>\n","protected":false},"author":10,"featured_media":0,"parent":247,"menu_order":0,"comment_status":"open","ping_status":"open","template":"","meta":{"_acf_changed":false,"footnotes":""},"class_list":["post-4121","page","type-page","status-publish","hentry"],"acf":[],"aioseo_notices":[],"_links":{"self":[{"href":"https:\/\/www.rosa-luxemburg.com\/test\/wp-json\/wp\/v2\/pages\/4121","targetHints":{"allow":["GET"]}}],"collection":[{"href":"https:\/\/www.rosa-luxemburg.com\/test\/wp-json\/wp\/v2\/pages"}],"about":[{"href":"https:\/\/www.rosa-luxemburg.com\/test\/wp-json\/wp\/v2\/types\/page"}],"author":[{"embeddable":true,"href":"https:\/\/www.rosa-luxemburg.com\/test\/wp-json\/wp\/v2\/users\/10"}],"replies":[{"embeddable":true,"href":"https:\/\/www.rosa-luxemburg.com\/test\/wp-json\/wp\/v2\/comments?post=4121"}],"version-history":[{"count":23,"href":"https:\/\/www.rosa-luxemburg.com\/test\/wp-json\/wp\/v2\/pages\/4121\/revisions"}],"predecessor-version":[{"id":4508,"href":"https:\/\/www.rosa-luxemburg.com\/test\/wp-json\/wp\/v2\/pages\/4121\/revisions\/4508"}],"up":[{"embeddable":true,"href":"https:\/\/www.rosa-luxemburg.com\/test\/wp-json\/wp\/v2\/pages\/247"}],"wp:attachment":[{"href":"https:\/\/www.rosa-luxemburg.com\/test\/wp-json\/wp\/v2\/media?parent=4121"}],"curies":[{"name":"wp","href":"https:\/\/api.w.org\/{rel}","templated":true}]}}