{"id":9005,"date":"2020-01-27T13:08:42","date_gmt":"2020-01-27T11:08:42","guid":{"rendered":"http:\/\/www.rosa-luxemburg.com\/?page_id=9005"},"modified":"2020-06-30T17:47:09","modified_gmt":"2020-06-30T15:47:09","slug":"download","status":"publish","type":"page","link":"https:\/\/www.rosa-luxemburg.com\/test\/download\/","title":{"rendered":"Download"},"content":{"rendered":"<p>Dateien f\u00fcr Projekte und Veranstaltungen in Kooperation mit der oder in Tr\u00e4gerschaft der Rosa-Luxemburg-Initiative (Rosa-Luxemburg-Stiftung Bremen).<\/p>\n<h3>Formulare f\u00fcr die Abrechnung und Dokumentation von Veranstaltungen und Projekten<\/h3>\n<p>Die Abrechnungsformulare als Paket; enth\u00e4lt alle Dokumente als DOC- oder XLS- sowie als PDF-Datei, Stand 01-2020: <a href=\"https:\/\/www.rosa-luxemburg.com\/test\/wp-content\/uploads\/2020\/01\/2001-RLI-VA-Formulare-P41-.zip\">ZIP-Archiv<\/a><\/p>\n<p>Die Abrechnungsformulare einzeln:<\/p>\n<ul>\n<li>Auslagenerstattung, Stand 01-2020: <a href=\"https:\/\/www.rosa-luxemburg.com\/test\/wp-content\/uploads\/2020\/01\/2001-RLI-Auslagenerstattung-P41nnnnn.doc\">DOC<\/a> | <a href=\"https:\/\/www.rosa-luxemburg.com\/test\/wp-content\/uploads\/2020\/01\/2001-RLI-Auslagenerstattung-P41nnnnn.pdf\">PDF<\/a><\/li>\n<li>Projektabrechnung, Stand 01-2020: <a href=\"https:\/\/www.rosa-luxemburg.com\/test\/wp-content\/uploads\/2020\/01\/2001-RLI-Projektabrechnung-P41nnnnn.doc\">DOC<\/a> | <a href=\"https:\/\/www.rosa-luxemburg.com\/test\/wp-content\/uploads\/2020\/01\/2001-RLI-Projektabrechnung-P41nnnnn.pdf\">PDF<\/a><\/li>\n<li>Projektdokumentation, Stand 01-2020: <a href=\"https:\/\/www.rosa-luxemburg.com\/test\/wp-content\/uploads\/2020\/01\/2001-RLI-Projektdokumentation-P41nnnnn.doc\">DOC<\/a> | <a href=\"https:\/\/www.rosa-luxemburg.com\/test\/wp-content\/uploads\/2020\/01\/2001-RLI-Projektdokumentation-P41nnnnn.pdf\">PDF<\/a><\/li>\n<li>Honorarvertrag f\u00fcr Referentinnen*, Stand 01-2020: <a href=\"https:\/\/www.rosa-luxemburg.com\/test\/wp-content\/uploads\/2020\/01\/2001-RLI-Referentin-Honorarvertrag-P41nnnnn.docx\">DOC<\/a> | <a href=\"https:\/\/www.rosa-luxemburg.com\/test\/wp-content\/uploads\/2020\/01\/2001-RLI-Referentin-Honorarvertrag-P41nnnnn.pdf\">PDF<\/a><\/li>\n<li>Reisekostenabrechnung f\u00fcr Referentinnen*, Stand 01-2020: <a href=\"https:\/\/www.rosa-luxemburg.com\/test\/wp-content\/uploads\/2020\/01\/2001-RLI-Referentin-Reisekostenabrechnung-P41nnnnn.xls\">XLS<\/a> | <a href=\"https:\/\/www.rosa-luxemburg.com\/test\/wp-content\/uploads\/2020\/01\/2001-RLI-Referentin-Reisekostenabrechnung-P41nnnnn.pdf\">PDF<\/a><\/li>\n<li>Sachbericht, Stand 01-2020: <a href=\"https:\/\/www.rosa-luxemburg.com\/test\/wp-content\/uploads\/2020\/01\/2001-RLI-Sachbericht-P41nnnnn.doc\">DOC<\/a> | <a href=\"https:\/\/www.rosa-luxemburg.com\/test\/wp-content\/uploads\/2020\/01\/2001-RLI-Sachbericht-P41nnnnn.pdf\">PDF<\/a><\/li>\n<li>Teilnehmerinnen*-Liste, Stand 01-2020: <a href=\"https:\/\/www.rosa-luxemburg.com\/test\/wp-content\/uploads\/2020\/01\/2001-RLI-Teilnahmeliste-P41nnnnn.docx\">DOC<\/a> | <a href=\"https:\/\/www.rosa-luxemburg.com\/test\/wp-content\/uploads\/2020\/01\/2001-RLI-Teilnahmeliste-P41nnnnn.pdf\">PDF<\/a><\/li>\n<\/ul>\n<h3>Logo-Dateien der Rosa-Luxemburg-Initiative<\/h3>\n<p>Das Logo der Rosa-Luxemburg-Initiative wurde von Lorenz Matzat und Norbert Schepers gestaltet.<\/p>\n<ul>\n<li>Paket RLI-Logo, Stern mit Schrift (EPS, PDF, PNG), Stand 12-2019: <a href=\"https:\/\/www.rosa-luxemburg.com\/test\/wp-content\/uploads\/2020\/01\/1912-Paket-RLI-Logo-mit-Schrift.zip\">ZIP-Archiv<\/a><\/li>\n<li>Paket RLI-Logo, nur Stern (EPS, JPG, PDF, PNG), Stand 12-2019: <a href=\"https:\/\/www.rosa-luxemburg.com\/test\/wp-content\/uploads\/2020\/01\/1912-Paket-RLI-Logo-Stern.zip\">ZIP-Archiv<\/a><\/li>\n<\/ul>\n<p>&nbsp;<\/p>\n<div id=\"attachment_9133\" style=\"width: 310px\" class=\"wp-caption alignnone\"><a href=\"https:\/\/www.rosa-luxemburg.com\/test\/wp-content\/uploads\/2020\/02\/RLI-Logo_WarmRed.png\"><img loading=\"lazy\" decoding=\"async\" aria-describedby=\"caption-attachment-9133\" class=\"size-medium wp-image-9133\" src=\"https:\/\/www.rosa-luxemburg.com\/test\/wp-content\/uploads\/2020\/02\/RLI-Logo_WarmRed-300x300.png\" alt=\"RLI-Logo, nur Stern\" width=\"300\" height=\"300\" srcset=\"https:\/\/www.rosa-luxemburg.com\/test\/wp-content\/uploads\/2020\/02\/RLI-Logo_WarmRed-300x300.png 300w, https:\/\/www.rosa-luxemburg.com\/test\/wp-content\/uploads\/2020\/02\/RLI-Logo_WarmRed-150x150.png 150w, https:\/\/www.rosa-luxemburg.com\/test\/wp-content\/uploads\/2020\/02\/RLI-Logo_WarmRed-768x768.png 768w, https:\/\/www.rosa-luxemburg.com\/test\/wp-content\/uploads\/2020\/02\/RLI-Logo_WarmRed-1024x1024.png 1024w\" sizes=\"auto, (max-width: 300px) 100vw, 300px\" \/><\/a><p id=\"caption-attachment-9133\" class=\"wp-caption-text\">RLI-Logo Stern<\/p><\/div>\n<div id=\"attachment_9131\" style=\"width: 210px\" class=\"wp-caption alignnone\"><a href=\"https:\/\/www.rosa-luxemburg.com\/test\/wp-content\/uploads\/2020\/02\/RLS-Bremen-Logo_WarmRed.png\"><img loading=\"lazy\" decoding=\"async\" aria-describedby=\"caption-attachment-9131\" class=\"wp-image-9131 size-medium\" src=\"https:\/\/www.rosa-luxemburg.com\/test\/wp-content\/uploads\/2020\/02\/RLS-Bremen-Logo_WarmRed-200x300.png\" alt=\"RLI-Logo, Stern mit Schrift\" width=\"200\" height=\"300\" srcset=\"https:\/\/www.rosa-luxemburg.com\/test\/wp-content\/uploads\/2020\/02\/RLS-Bremen-Logo_WarmRed-200x300.png 200w, https:\/\/www.rosa-luxemburg.com\/test\/wp-content\/uploads\/2020\/02\/RLS-Bremen-Logo_WarmRed-768x1152.png 768w, https:\/\/www.rosa-luxemburg.com\/test\/wp-content\/uploads\/2020\/02\/RLS-Bremen-Logo_WarmRed-682x1024.png 682w, https:\/\/www.rosa-luxemburg.com\/test\/wp-content\/uploads\/2020\/02\/RLS-Bremen-Logo_WarmRed-300x450.png 300w, https:\/\/www.rosa-luxemburg.com\/test\/wp-content\/uploads\/2020\/02\/RLS-Bremen-Logo_WarmRed.png 1183w\" sizes=\"auto, (max-width: 200px) 100vw, 200px\" \/><\/a><p id=\"caption-attachment-9131\" class=\"wp-caption-text\">RLI-Logo Stern mit Schrift<\/p><\/div>\n<h3>Logo-Dateien der Rosa-Luxemburg-Stiftung<\/h3>\n<p>Das Logo der bundesweiten Rosa-Luxemburg-Stiftung finden Sie <a href=\"https:\/\/www.rosalux.de\/servicenavigation\/kontakt\/logotypes\" target=\"_blank\" rel=\"noopener\">hier auf rosalux.de<\/a>.<\/p>\n","protected":false},"excerpt":{"rendered":"<p>Dateien f\u00fcr Projekte und Veranstaltungen in Kooperation mit der oder in Tr\u00e4gerschaft der Rosa-Luxemburg-Initiative (Rosa-Luxemburg-Stiftung Bremen). Formulare f\u00fcr die Abrechnung und Dokumentation von Veranstaltungen und Projekten Die Abrechnungsformulare als Paket; [&hellip;]<\/p>\n","protected":false},"author":10,"featured_media":0,"parent":0,"menu_order":0,"comment_status":"closed","ping_status":"closed","template":"","meta":{"_acf_changed":false,"footnotes":""},"class_list":["post-9005","page","type-page","status-publish","hentry"],"acf":[],"aioseo_notices":[],"_links":{"self":[{"href":"https:\/\/www.rosa-luxemburg.com\/test\/wp-json\/wp\/v2\/pages\/9005","targetHints":{"allow":["GET"]}}],"collection":[{"href":"https:\/\/www.rosa-luxemburg.com\/test\/wp-json\/wp\/v2\/pages"}],"about":[{"href":"https:\/\/www.rosa-luxemburg.com\/test\/wp-json\/wp\/v2\/types\/page"}],"author":[{"embeddable":true,"href":"https:\/\/www.rosa-luxemburg.com\/test\/wp-json\/wp\/v2\/users\/10"}],"replies":[{"embeddable":true,"href":"https:\/\/www.rosa-luxemburg.com\/test\/wp-json\/wp\/v2\/comments?post=9005"}],"version-history":[{"count":24,"href":"https:\/\/www.rosa-luxemburg.com\/test\/wp-json\/wp\/v2\/pages\/9005\/revisions"}],"predecessor-version":[{"id":9244,"href":"https:\/\/www.rosa-luxemburg.com\/test\/wp-json\/wp\/v2\/pages\/9005\/revisions\/9244"}],"wp:attachment":[{"href":"https:\/\/www.rosa-luxemburg.com\/test\/wp-json\/wp\/v2\/media?parent=9005"}],"curies":[{"name":"wp","href":"https:\/\/api.w.org\/{rel}","templated":true}]}}